4*m**2 + 27*m + 15. Let u be n(-6). Let j(h) = -3*h - 2. What is the remainder when j(u) is divided by 4?
3
Suppose 2*m - 4720 = 2*h, 119*m - 4*h - 2336 = 118*m. What is the remainder when m is divided by 38?
12
Let d be 22/(-11)*(1/2 + -2). Let z = 13 - 6. Suppose -d*x - 337 = -4*a, -2*a - z = x - 168. What is the remainder when a is divided by 21?
19
Let h(i) = -37*i - 312. Let a be h(-8). Calculate the remainder when 226 is divided by -2*(280/a + 6).
19
Suppose -165 = 7*b + 570. Let u = -88 - b. Calculate the remainder when u - -3*(3 - (-21)/(-9)) is divided by 4.
3
Suppose 3*m - 3*y - 6 = 0, -4*y = -0*m - 3*m + 4. Let l(b) = 1153 - 1153 - m*b + 2*b**2. What is the remainder when l(-3) is divided by 8?
6
Suppose 226*n + 400 = 234*n. Suppose 4*b = 5*s + n, -11*b + s = -10*b - 12. Calculate the remainder when 30 is divided by b.
0
Let t(c) = c + 46. Suppose -16 = -0*d - d - 4*b, 0 = -4*b + 8. Calculate the remainder when t(-16) is divided by d.
6
Suppose -259*k + 161456 + 16680 = 15743. Calculate the remainder when k is divided by 202.
21
Let y = -424 + 202. Let t = 383 + y. What is the remainder when t is divided by 54?
53
Let p(d) = 1554*d - 75. Calculate the remainder when p(1) is divided by 57.
54
Suppose 3*v = -5*a + 53, 0 = a + 5*v - 198 + 205. Let b be (-2 + 3 - 6) + -3. Let n = b + 13. What is the remainder when a is divided by n?
3
Suppose t - 246 = -0*t. Calculate the remainder when t is divided by ((32/(-14))/(-8))/((-2)/434*-2).
29
Let d(b) = b**3 - 3*b**2 - 2*b + 10. Let y be d(-5). Calculate the remainder when 121 is divided by ((-144)/(-15))/((-27)/y).
57
Suppose -3*h + 78 = 3*d, -356*d - 35 = -h - 360*d. Calculate the remainder when (137 - 0)/(0 - -1) is divided by h.
22
Calculate the remainder when 1439 is divided by 25 + 0/(18/(-8 - -2)).
14
Let n = 15 - 122. Let o = -51 - n. Let g = -4 + 19. What is the remainder when o is divided by g?
11
Let j be ((-224)/(-42))/((-12)/(-18)). Suppose 18*n - 600 = j*n. Calculate the remainder when n is divided by 11.
5
Suppose t + 22*b - 17*b = 1815, -t + 1785 = -5*b. Calculate the remainder when t is divided by 82.
78
Suppose -4*j + 8*j + 265 = 5*u, 5*j = -5*u + 265. Suppose -725 = -12*z - u. Calculate the remainder when z is divided by 20.
16
Suppose 25461 = 514*i - 445*i. Calculate the remainder when i is divided by 19.
8
What is the remainder when 453 is divided by (-3 - 42/(-6)) + -5 + 55?
21
Let v be (48/18)/(-4) + (-1264)/(-6). Let i = -82 + v. Calculate the remainder when i is divided by 28.
16
Suppose -d - 2*p - 130 + 779 = 0, 0 = 4*p + 12. What is the remainder when d is divided by 29?
17
Suppose 11*q + 12*q - 621 = 0. Calculate the remainder when q is divided by 5*(0 + 2/(-6))*-6.
7
Suppose 38*q - 104 = 37*q - r, 0 = -q + 2*r + 107. Calculate the remainder when 523 is divided by q.
103
Let d be (1 - -1)*3/6 + -4. Let k(q) = -5*q + 3. Calculate the remainder when (-3 - d) + (115 - 5) + 1 is divided by k(-7).
35
Suppose -2*r + 138 = -r. Suppose 3*h - 2 = 145. What is the remainder when r is divided by h?
40
Suppose 5*r = r + 312. Let f = 44 - 8. Let d = -15 + f. Calculate the remainder when r is divided by d.
15
Suppose 18*q - 21*q = 3*o - 22098, o = -3*q + 22110. What is the remainder when q is divided by 73?
72
Let u(h) = 104*h - 8. Let d be u(1). Suppose 4*k - d - 104 = 0. Suppose -2*p - 15 = -51. Calculate the remainder when k is divided by p.
14
Let g be (-1)/(-1) + (4 - 3). Suppose -g*n = -3*t - 73 + 8, -5*t - 75 = -2*n. Let o = 108 - n. What is the remainder when o is divided by 17?
15
Let r(s) = s**3 + 22*s**2 + 14*s + 60. Let l be r(-21). Let d = -200 + l. Let u(a) = -a**2 - 7*a - 5. Calculate the remainder when d is divided by u(-4).
0
Suppose -n + 324 - 280 = 0. Suppose 36*g + n = 37*g. Calculate the remainder when g is divided by 25.
19
Let y(s) = -16*s**2 + 7*s - 54. Let p be y(8). Let u = 1048 + p. What is the remainder when 155 is divided by u?
25
Let r = -1287 + 1738. Calculate the remainder when r is divided by 13.
9
Suppose 0 = -2*f + 5*w - 0*w - 46, -5*f + w = 69. Let i be 1638/10 - f/65. Calculate the remainder when (i/(-8))/(2/(-4)) is divided by 14.
13
Suppose -5*l + 4*y + 136 = 0, 3*y + 13 = 1. Suppose 4 = -4*h - l. Let t = h - -30. What is the remainder when t is divided by 9?
5
Suppose 358*y = 357*y + 325. What is the remainder when y is divided by 3?
1
Suppose 5*n + 0*n = -c - 135, -71 = 2*n - 3*c. Let p(u) = -u**3 - 28*u**2 - u + 5. Calculate the remainder when p(n) is divided by 25.
8
Let h = -1046 + 1741. Suppose -26*p = -21*p - h. What is the remainder when p is divided by 11?
7
Let f = 74 - 74. Suppose -9*o + 10*o - 69 = f. Suppose 7*z = -r + 2*z + 15, o = 3*r + 3*z. What is the remainder when r is divided by 6?
1
Let f = -1256 + 458. Let a = 558 + f. Calculate the remainder when 30 is divided by (-6)/10*a/8.
12
Let v(l) = 11*l - 205. Let i be v(19). Suppose -2*n = -16*f + 13*f - 17, 4 = i*f. What is the remainder when n is divided by 4?
2
Let j(y) = 3528*y - 1946. What is the remainder when j(1) is divided by 786?
10
Let y(k) = -3*k - 27. Let h be y(0). Let o be (h/(-9))/((-1)/8). Calculate the remainder when 96 is divided by (o/(-18) - -1)/((-2)/(-12)).
12
What is the remainder when 194 is divided by 84 + (2/3 - 561/153)?
32
Suppose 35*m + 36 = 31*m. Calculate the remainder when m/(-15) - (-12744)/60 is divided by 27.
24
Let t(u) = 2*u**2 + 46*u + 34. Let s(q) = 2*q**2 + 49*q + 33. Let o(z) = -5*s(z) + 6*t(z). Calculate the remainder when 310 is divided by o(-15).
22
Suppose 24*v + 4521 - 22387 = 22694. What is the remainder when v is divided by 77?
73
What is the remainder when 195 is divided by ((-2)/8)/(173/(-13148))?
5
Let r = 720 - 717. Suppose r*q - 5*d = 258, d = 2*q - 120 - 59. What is the remainder when 725 is divided by q?
88
Let x = -65 + 61. Let t = x + 23. Calculate the remainder when (-2)/(-3) - 880/(-12) is divided by t.
17
Suppose g + 2 = -0*g. Let x = 369 + -329. What is the remainder when x is divided by g - (3 + -3 + -17)?
10
Let r(m) = 58*m**2 - 2*m + 1. Let a = -216 + 238. Calculate the remainder when r(1) is divided by a.
13
Let b be -4 - (-9)/(63/77). Calculate the remainder when (-206)/721 - (-401)/b is divided by 4.
1
Let b = -51790 - -51831. Let d(f) = 2*f**2 + 9*f - 8. What is the remainder when d(6) is divided by b?
36
Suppose j + 2*s + 2*s - 14 = 0, -5*j + 4*s - 2 = 0. Let a be j/5 + (-3 - 44/10). Let b = a - -18. Calculate the remainder when 65 is divided by b.
10
Let g = -64 + 162. Suppose -780 = 6*q - 36*q. Calculate the remainder when g is divided by q.
20
Calculate the remainder when 268 is divided by 10/600*15*148.
9
Calculate the remainder when 405 is divided by 0 + (-2)/(-15) + (-376961)/(-1605).
170
Let t(r) = 1151*r - 7917. Let o(s) = -5*s + 1. Calculate the remainder when t(7) is divided by o(-3).
12
Suppose 7434 = 79*x - 70*x. Suppose y - 421 = -z - y, 2*z - 4*y - x = 0. Calculate the remainder when z is divided by 22.
21
Let k(b) = b + 3. Let f(i) = 44*i + 112. Let a(y) = -f(y) - 4*k(y). Calculate the remainder when a(-11) is divided by 82.
76
Suppose j + 11 = 4*x + 179, 0 = 3*j + 3*x - 489. Calculate the remainder when j is divided by 39.
8
Suppose -88*u = -103*u + 555. Let y(a) = -a**2 - 18*a + 85. Calculate the remainder when y(-19) is divided by u.
29
Let d(q) = q**3 + 9*q**2 + 5*q + 77. Calculate the remainder when 302 is divided by d(-5).
150
Suppose 82239*k - 82260*k + 210 = 0. Let w = 194 - 65. What is the remainder when w is divided by k?
9
Let a = -31 + 31. Suppose -4*q + 27 - 7 = a. Calculate the remainder when (0 - q)/5 + 182 is divided by 23.
20
Suppose 2818 = 60*j - 1862. Calculate the remainder when j is divided by 16.
14
Let t = -66 + 69. Let l = 13 - 8. Suppose -4*p - l*f = -285, t*p + 5*f - 2*f = 213. Calculate the remainder when p is divided by 36.
34
Suppose 0 = 4*x + 2*u - 12, -4*u - 3 = -x - 0. Suppose -2 = -x*d - 17. Calculate the remainder when 17*-5*d/25 is divided by 4.
1
Let m = 34316 + -18677. What is the remainder when m is divided by 66?
63
Let b(o) be the third derivative of 0*o + 5/2*o**3 + 26*o**2 + 0 + 1/12*o**4. Calculate the remainder when 38 is divided by b(-2).
5
Let b = 176 + -176. Suppose -4*g + 4*q = -9*g + 147, 3*g - 3*q - 99 = 0. Let a = g + b. What is the rem